n 21027 is divided by 146?
3
What is the remainder when 93994 is divided by 93992?
2
Calculate the remainder when 5832 is divided by 5260.
572
Calculate the remainder when 15261 is divided by 112.
29
What is the remainder when 16205 is divided by 22?
13
What is the remainder when 64636 is divided by 10770?
16
What is the remainder when 3498 is divided by 1731?
36
What is the remainder when 14224 is divided by 7?
0
What is the remainder when 7294 is divided by 7278?
16
What is the remainder when 823 is divided by 286?
251
Calculate the remainder when 15162 is divided by 1674.
96
What is the remainder when 1597666 is divided by 92?
86
Calculate the remainder when 2860 is divided by 951.
7
What is the remainder when 9859 is divided by 3286?
1
Calculate the remainder when 2817 is divided by 917.
66
What is the remainder when 12467 is divided by 2077?
5
What is the remainder when 4234 is divided by 881?
710
What is the remainder when 3108 is divided by 6?
0
Calculate the remainder when 4073 is divided by 405.
23
Calculate the remainder when 1271 is divided by 95.
36
What is the remainder when 203555 is divided by 8141?
30
Calculate the remainder when 82294 is divided by 1870.
14
Calculate the remainder when 1317 is divided by 330.
327
Calculate the remainder when 1452 is divided by 223.
114
What is the remainder when 2978 is divided by 592?
18
Calculate the remainder when 711 is divided by 84.
39
Calculate the remainder when 79097 is divided by 1297.
1277
What is the remainder when 199930 is divided by 668?
198
What is the remainder when 579530 is divided by 193162?
44
Calculate the remainder when 2055 is divided by 4.
3
What is the remainder when 259167 is divided by 473?
436
What is the remainder when 4786 is divided by 98?
82
Calculate the remainder when 7820 is divided by 145.
135
Calculate the remainder when 75849 is divided by 301.
298
Calculate the remainder when 11466 is divided by 672.
42
Calculate the remainder when 1678 is divided by 327.
43
Calculate the remainder when 46502 is divided by 7748.
14
What is the remainder when 7466 is divided by 542?
420
Calculate the remainder when 359441 is divided by 92.
89
What is the remainder when 249574 is divided by 87?
58
What is the remainder when 57682 is divided by 28829?
24
What is the remainder when 2053 is divided by 646?
115
What is the remainder when 6170 is divided by 510?
50
What is the remainder when 8956 is divided by 54?
46
What is the remainder when 782031 is divided by 296?
295
Calculate the remainder when 7104 is divided by 278.
154
What is the remainder when 266681 is divided by 88877?
50
What is the remainder when 2517 is divided by 78?
21
Calculate the remainder when 15566 is divided by 198.
122
Calculate the remainder when 4114 is divided by 22.
0
Calculate the remainder when 82987 is divided by 10.
7
Calculate the remainder when 6356 is divided by 1560.
116
What is the remainder when 2508 is divided by 227?
11
Calculate the remainder when 4865 is divided by 297.
113
Calculate the remainder when 530906 is divided by 14.
12
Calculate the remainder when 121152 is divided by 2423.
2
What is the remainder when 34295 is divided by 49?
44
Calculate the remainder when 1739715 is divided by 610.
605
What is the remainder when 1653 is divided by 1601?
52
Calculate the remainder when 262243 is divided by 33.
25
What is the remainder when 1789668 is divided by 1186?
1180
What is the remainder when 1934 is divided by 1276?
658
What is the remainder when 83611 is divided by 47?
45
Calculate the remainder when 437555 is divided by 72925.
5
What is the remainder when 13488 is divided by 365?
348
Calculate the remainder when 6393 is divided by 128.
121
Calculate the remainder when 3642303 is divided by 33.
27
Calculate the remainder when 2187 is divided by 155.
17
Calculate the remainder when 4165 is divided by 692.
13
What is the remainder when 256421 is divided by 85441?
98
What is the remainder when 208370 is divided by 2605?
2575
Calculate the remainder when 196718 is divided by 5464.
14
Calculate the remainder when 117082 is divided by 12.
10
What is the remainder when 3950 is divided by 997?
959
What is the remainder when 47724 is divided by 115?
114
Calculate the remainder when 24418 is divided by 113.
10
Calculate the remainder when 358950 is divided by 4.
2
Calculate the remainder when 207 is divided by 57.
36
What is the remainder when 5190 is divided by 246?
24
Calculate the remainder when 5598 is divided by 558.
18
Calculate the remainder when 9126 is divided by 217.
12
What is the remainder when 10489 is divided by 66?
61
What is the remainder when 3975 is divided by 503?
454
What is the remainder when 928148 is divided by 469?
466
What is the remainder when 483074 is divided by 75?
74
What is the remainder when 134 is divided by 28?
22
Calculate the remainder when 263039 is divided by 20.
19
Calculate the remainder when 1353 is divided by 1203.
150
What is the remainder when 150510 is divided by 15048?
30
Calculate the remainder when 351898 is divided by 30.
28
Calculate the remainder when 7415 is divided by 589.
347
Calculate the remainder when 97277 is divided by 287.
271
Calculate the remainder when 978077 is divided by 160.
157
What is the remainder when 163548 is divided by 91?
21
What is the remainder when 33119 is divided by 3974?
1327
What is the remainder when 19077 is divided by 509?
244
What is the remainder when 149337 is divided by 36?
9
Calculate the remainder when 455057 is divided by 20.
17
What is the remainder when 13069 is divided by 1202?
1049
What is the remainder when 66699 is divided by 46?
45
Calculate the remainder when 9147 is divided by 347.
125
Calculate the remainder when 30349 is divided by 69.
58
What is the remainder when 4965 is divided by 98?
65
What is the remainder when 1173 is divided by 1099?
74
Calculate the remainder when 6142 is divided by 58.
52
Calculate the remainder when 38852 is divided by 9710.
12
What is the remainder when 497658 is divided by 12138?
0
Calculate the remainder when 51062 is divided by 399.
389
What is the remainder when 88073 is divided by 227?
224
Calculate the remainder when 135166 is divided by 132.
130
What is the remainder when 20674 is divided by 133?
59
Calculate the remainder when 182 is divided by 160.
22
What is the remainder when 6249 is divided by 2066?
51
What is the remainder when 9509 is divided by 366?
359
Calculate the remainder when 7335 is divided by 627.
438
What is the remainder when 8574 is divided by 102?
6
Calculate the remainder when 366822 is divided by 17467.
15
What is the remainder when 18200 is divided by 52?
0
What is the remainder when 15591 is divided by 5193?
12
What is the remainder when 257 is divided by 248?
9
What is the remainder when 1202 is divided by 182?
110
Calculate the remainder when 9267 is divided by 1126.
259
Calculate the remainder when 2754 is divided by 1363.
28
Calculate the remainder when 77027 is divided by 22.
5
Calculate the remainder when 618846 is divided by 166.
164
Calculate the remainder when 304 is divided by 29.
14
What is the remainder when 9370 is divided by 24?
10
Calculate the remainder when 205249 is divided by 277.
269
Calculate the remainder when 8388 is divided by 600.
588
What is the remainder when 347871 is divided by 25?
21
Calculate the remainder when 35603 is divided by 83.
79
Calculate the remainder when 11443 is divided by 144.
67
What is the remainder when 3192 is divided by 1062?
6
Calculate the remainder when 11256 is divided by 5513.
230
Calculate the remainder when 26175 is divided by 8700.
75
What is the remainder when 5445 is divided by 2196?
1053
What is the remainder when 177886 is divided by 299?
280
Calculate the remainder when 466236 is divided by 125.
111
What is the remainder when 340776 is divided by 10?
6
What is the remainder when 22352 is divided by 7147?
911
What is the remainder when 55106 is divided by 169?
12
What is the remainder when 6341 is divided by 302?
301
Calculate the remainder when 4820 is divided by 13.
10
Calculate the remainder when 41649 is divided by 356.
353
What is the remainder when 7945374 is divided by 25?
24
What is the remainder when 961 is divided by 603?
358
What is the remainder when 3966